of 289.
17
What are the prime factors of 2807?
7, 401
List the prime factors of 21090.
2, 3, 5, 19, 37
What are the prime factors of 65?
5, 13
What are the prime factors of 13850?
2, 5, 277
What are the prime factors of 994?
2, 7, 71
What are the prime factors of 2118?
2, 3, 353
List the prime factors of 17374.
2, 7, 17, 73
What are the prime factors of 1223?
1223
List the prime factors of 1417.
13, 109
What are the prime factors of 2389?
2389
What are the prime factors of 2880?
2, 3, 5
What are the prime factors of 786?
2, 3, 131
List the prime factors of 313.
313
List the prime factors of 1707.
3, 569
List the prime factors of 38471.
17, 31, 73
What are the prime factors of 122188?
2, 11, 2777
List the prime factors of 850.
2, 5, 17
List the prime factors of 81518.
2, 40759
List the prime factors of 785.
5, 157
List the prime factors of 1343.
17, 79
What are the prime factors of 94118?
2, 47059
What are the prime factors of 5098?
2, 2549
List the prime factors of 44242.
2, 11, 2011
What are the prime factors of 620?
2, 5, 31
List the prime factors of 16586.
2, 8293
List the prime factors of 60034.
2, 13, 2309
What are the prime factors of 6891?
3, 2297
List the prime factors of 96273.
3, 19, 563
What are the prime factors of 11969?
11969
What are the prime factors of 13607?
11, 1237
What are the prime factors of 1586?
2, 13, 61
What are the prime factors of 537?
3, 179
What are the prime factors of 102?
2, 3, 17
List the prime factors of 166433.
149, 1117
What are the prime factors of 2485?
5, 7, 71
List the prime factors of 45794.
2, 7, 3271
What are the prime factors of 706?
2, 353
What are the prime factors of 784?
2, 7
What are the prime factors of 68651?
11, 79
List the prime factors of 12088.
2, 1511
What are the prime factors of 7809?
3, 19, 137
What are the prime factors of 9933?
3, 7, 11, 43
What are the prime factors of 3640?
2, 5, 7, 13
List the prime factors of 2504.
2, 313
List the prime factors of 24262.
2, 7, 1733
What are the prime factors of 1023?
3, 11, 31
What are the prime factors of 22897?
7, 3271
List the prime factors of 140.
2, 5, 7
List the prime factors of 365.
5, 73
List the prime factors of 1239.
3, 7, 59
List the prime factors of 28047.
3, 9349
List the prime factors of 59.
59
List the prime factors of 9123.
3, 3041
What are the prime factors of 8240?
2, 5, 103
List the prime factors of 10149.
3, 17, 199
What are the prime factors of 339?
3, 113
What are the prime factors of 68216?
2, 8527
List the prime factors of 1636.
2, 409
What are the prime factors of 126032?
2, 7877
What are the prime factors of 941?
941
List the prime factors of 13620.
2, 3, 5, 227
List the prime factors of 627.
3, 11, 19
What are the prime factors of 6322?
2, 29, 109
What are the prime factors of 291?
3, 97
What are the prime factors of 1256?
2, 157
List the prime factors of 1386.
2, 3, 7, 11
List the prime factors of 91804.
2, 59, 389
List the prime factors of 1966.
2, 983
List the prime factors of 4826.
2, 19, 127
List the prime factors of 170.
2, 5, 17
List the prime factors of 8419.
8419
List the prime factors of 205222.
2, 102611
List the prime factors of 3474.
2, 3, 193
What are the prime factors of 3472?
2, 7, 31
List the prime factors of 15820.
2, 5, 7, 113
What are the prime factors of 814?
2, 11, 37
List the prime factors of 118.
2, 59
List the prime factors of 20968.
2, 2621
What are the prime factors of 2400?
2, 3, 5
What are the prime factors of 1779?
3, 593
List the prime factors of 5378.
2, 2689
List the prime factors of 9107.
7, 1301
What are the prime factors of 2733?
3, 911
What are the prime factors of 11216?
2, 701
List the prime factors of 668.
2, 167
List the prime factors of 3436.
2, 859
What are the prime factors of 2864?
2, 179
List the prime factors of 36957.
3, 97, 127
What are the prime factors of 2831?
19, 149
List the prime factors of 604.
2, 151
List the prime factors of 2860.
2, 5, 11, 13
What are the prime factors of 1309?
7, 11, 17
List the prime factors of 11400.
2, 3, 5, 19
List the prime factors of 45405.
3, 5, 1009
List the prime factors of 31474.
2, 15737
List the prime factors of 53299.
53299
List the prime factors of 4096.
2
What are the prime factors of 17954?
2, 47, 191
List the prime factors of 148639.
148639
List the prime factors of 64536.
2, 3, 2689
What are the prime factors of 2676?
2, 3, 223
What are the prime factors of 1714?
2, 857
List the prime factors of 1010.
2, 5, 101
List the prime factors of 2307.
3, 769
List the prime factors of 47310.
2, 3, 5, 19, 83
List the prime factors of 19235.
5, 3847
List the prime factors of 31414.
2, 113, 139
What are the prime factors of 555?
3, 5, 37
List the prime factors of 8419.
8419
List the prime factors of 1136.
2, 71
List the prime factors of 91.
7, 13
List the prime factors of 10042.
2, 5021
List the prime factors of 63647.
63647
What are the prime factors of 39192?
2, 3, 23, 71
List the prime factors of 20612.
2, 5153
What are the prime factors of 799?
17, 47
List the prime factors of 7271.
11, 661
List the prime factors of 5332.
2, 31, 43
What are the prime factors of 23956?
2, 53, 113
What are the prime factors of 8767?
11, 797
What are the prime factors of 151412?
2, 37853
List the prime factors of 29816.
2, 3727
What are the prime factors of 6793?
6793
What are the prime factors of 459?
3, 17
List the prime factors of 701.
701
What are the prime factors of 9783?
3, 1087
What are the prime factors of 45125?
5, 19
What are the prime factors of 58211?
58211
List the prime factors of 509.
509
List the prime factors of 845.
5, 13
List the prime factors of 3049.
3049
What are the prime factors of 56255?
5, 11251
List the prime factors of 8257.
23, 359
List the prime factors of 1930.
2, 5, 193
List the prime factors of 9534.
2, 3, 7, 227
List the prime factors of 31289.
67, 467
List the prime factors of 5660.
2, 5, 283
What are the prime factors of 9054?
2, 3, 503
List the prime factors of 417.
3, 139
What are the prime factors of 1946?
2, 7, 139
List the prime factors of 14466.
2, 3, 2411
List the prime factors of 11329.
11329
List the prime factors of 10737.
3, 1193
List the prime factors of 1087.
1087
What are the prime factors of 89693?
257, 349
What are the prime factors of 842?
2, 421
What are the prime factors of 28938?
2, 3, 7, 13, 53
What are the prime factors of 527?
17, 31
What are the prime factors of 49477?
49477
List the prime factors of 13950.
2, 3, 5, 31
List the prime factors of 2688.
2, 3, 7
What are the prime factors of 3255?
3, 5, 7, 31
What are the prime factors of 1385?
5, 277
List the prime factors of 9993.
3, 3331
What are the prime factors of 603?
3, 67
List the prime factors of 8852.
2, 2213
List the prime factors of 4421.
4421
List the prime factors of 12968.
2, 1621
List the prime factors of 471.
3, 157
List the prime factors of 9653.
7, 197
List the prime factors of 307.
307
What are the prime factors of 19520?
2, 5, 61
List the prime factors of 28803.
3, 9601
What are the prime factors of 2130?
2, 3, 5, 71
What are the prime factors of 692?
2, 173
What are the prime factors of 1068?
2, 3, 89
What are the prime factors of 982?
2, 491
List the prime factors of 62864.
2, 3929
What are the prime factors of 6265?
5, 7, 179
List the prime factors of 693.
3, 7, 11
List the prime factors of 3970.
2, 5, 397
List the prime factors of 567.
3, 7
List the prime factors of 2811.
3, 937
What are the prime factors of 224?
2, 7
List the prime factors of 718.
2, 359
What are the prime factors of 2630?
2, 5, 263
List the prime factors of 6722.
2, 3361
List the prime factors of 1793.
11, 163
What are the prime factors of 14455?
5, 7, 59
List the prime factors of 1956.
2, 3, 163
List the prime factors of 6632.
2, 829
List the prime factors of 45986.
2, 22993
What are the prime factors of 55277?
167, 331
What are the prime factors of 47332?
2, 11833
List the prime factors of 1942.
2, 971
What are the prime factors of 25544?
2, 31, 103
List the prime factors of 42095.
5, 8419
List the prime factors of 12401.
12401
What are the prime factors of 1241?
17, 73
List the prime factors of 3294.
2, 3, 61
What are the prime factors of 58277?
101, 577
List the prime factors of 13595.
5, 2719
List the prime factors of 29268.
2, 3, 271
What are